{"id":302,"date":"2020-12-01T01:51:01","date_gmt":"2020-12-01T04:51:01","guid":{"rendered":"https:\/\/crisisrecords.cl\/?page_id=302"},"modified":"2020-12-01T01:51:01","modified_gmt":"2020-12-01T04:51:01","slug":"automatique-loving-freefall-from-space","status":"publish","type":"page","link":"https:\/\/crisisrecords.cl\/?page_id=302","title":{"rendered":"Automatique &#8211; Loving (Freefall From Space)"},"content":{"rendered":"\n<iframe loading=\"lazy\" title=\"vimeo-player\" src=\"https:\/\/player.vimeo.com\/video\/43369299\" width=\"640\" height=\"480\" frameborder=\"0\" allowfullscreen><\/iframe>\n\n\n\n<p><strong>Automatique<\/strong> <br>Tema: Loving (Freefall From Space)<br>A\u00f1o: 2011 <br>Grabado y editado por H\u00e9ctor Aguirre <br>Edici\u00f3n adicional: Cristian Reyes <br>Grabaci\u00f3n adicional: Marcelo Rivera <br>Automatique: Cristian Reyes, Marcel Molina<br>Marco Mart\u00ednez (visuales)<\/p>\n","protected":false},"excerpt":{"rendered":"<p>Automatique Tema: Loving (Freefall From Space)A\u00f1o: 2011 Grabado y editado por H\u00e9ctor Aguirre Edici\u00f3n adicional: Cristian Reyes Grabaci\u00f3n adicional: Marcelo Rivera Automatique: Cristian Reyes, Marcel MolinaMarco Mart\u00ednez (visuales)<\/p>\n","protected":false},"author":1,"featured_media":0,"parent":68,"menu_order":0,"comment_status":"closed","ping_status":"closed","template":"","meta":{"footnotes":""},"class_list":["post-302","page","type-page","status-publish","hentry"],"_links":{"self":[{"href":"https:\/\/crisisrecords.cl\/index.php?rest_route=\/wp\/v2\/pages\/302","targetHints":{"allow":["GET"]}}],"collection":[{"href":"https:\/\/crisisrecords.cl\/index.php?rest_route=\/wp\/v2\/pages"}],"about":[{"href":"https:\/\/crisisrecords.cl\/index.php?rest_route=\/wp\/v2\/types\/page"}],"author":[{"embeddable":true,"href":"https:\/\/crisisrecords.cl\/index.php?rest_route=\/wp\/v2\/users\/1"}],"replies":[{"embeddable":true,"href":"https:\/\/crisisrecords.cl\/index.php?rest_route=%2Fwp%2Fv2%2Fcomments&post=302"}],"version-history":[{"count":1,"href":"https:\/\/crisisrecords.cl\/index.php?rest_route=\/wp\/v2\/pages\/302\/revisions"}],"predecessor-version":[{"id":303,"href":"https:\/\/crisisrecords.cl\/index.php?rest_route=\/wp\/v2\/pages\/302\/revisions\/303"}],"up":[{"embeddable":true,"href":"https:\/\/crisisrecords.cl\/index.php?rest_route=\/wp\/v2\/pages\/68"}],"wp:attachment":[{"href":"https:\/\/crisisrecords.cl\/index.php?rest_route=%2Fwp%2Fv2%2Fmedia&parent=302"}],"curies":[{"name":"wp","href":"https:\/\/api.w.org\/{rel}","templated":true}]}}