{"id":329,"date":"2020-12-03T14:25:53","date_gmt":"2020-12-03T17:25:53","guid":{"rendered":"https:\/\/crisisrecords.cl\/?page_id=329"},"modified":"2020-12-03T20:25:07","modified_gmt":"2020-12-03T23:25:07","slug":"revista-self","status":"publish","type":"page","link":"https:\/\/crisisrecords.cl\/?page_id=329","title":{"rendered":"Revista SELF"},"content":{"rendered":"\n<figure class=\"wp-block-image size-large\"><img loading=\"lazy\" decoding=\"async\" width=\"627\" height=\"626\" src=\"https:\/\/crisisrecords.cl\/wp-content\/uploads\/2020\/12\/Self_07_1996_Portada.jpg\" alt=\"\" class=\"wp-image-332\" srcset=\"https:\/\/crisisrecords.cl\/wp-content\/uploads\/2020\/12\/Self_07_1996_Portada.jpg 627w, https:\/\/crisisrecords.cl\/wp-content\/uploads\/2020\/12\/Self_07_1996_Portada-300x300.jpg 300w, https:\/\/crisisrecords.cl\/wp-content\/uploads\/2020\/12\/Self_07_1996_Portada-150x150.jpg 150w\" sizes=\"auto, (max-width: 627px) 100vw, 627px\" \/><figcaption>Portada<\/figcaption><\/figure>\n\n\n\n<p><strong>Revista Self<\/strong><br>N\u00b0 7<br>Barcelona, Espa\u00f1a<br>Septiembre 1996<br><br>Reportaje publicado por la <strong>Spanish Electronic Foundation<\/strong>, revista impresa barcelonesa especializada en m\u00fasica electr\u00f3nica, que tuvo vida entre 1995 y el 2000.  El reportaje cubre los tres primeros trabajos del sello (<strong>2CV6<\/strong>, <strong>Arteknnia<\/strong> y <strong>Miradas &amp; Doncellas<\/strong>), los trabajos que est\u00e1bamos desarrollando en ese momento y las ideas que quer\u00edamos aplicar m\u00e1s adelante. <br>Un honor  para nosotros fue aparecer al lado de bandas referentes como <strong>Devo<\/strong>, <strong>Human League<\/strong>, <strong>Orbital<\/strong> y <strong>Autechre<\/strong>.<\/p>\n\n\n\n<p>Puedes leer esta revista y todas las que publicaron en el siguiente <a href=\"https:\/\/issuu.com\/selfzine\/docs\/self_n7\" target=\"_blank\" rel=\"noreferrer noopener\">link<\/a><\/p>\n\n\n\n<figure class=\"wp-block-image size-large\"><img loading=\"lazy\" decoding=\"async\" width=\"586\" height=\"586\" src=\"https:\/\/crisisrecords.cl\/wp-content\/uploads\/2020\/12\/Self_07_1996_Pag_32.jpg\" alt=\"\" class=\"wp-image-333\" srcset=\"https:\/\/crisisrecords.cl\/wp-content\/uploads\/2020\/12\/Self_07_1996_Pag_32.jpg 586w, https:\/\/crisisrecords.cl\/wp-content\/uploads\/2020\/12\/Self_07_1996_Pag_32-300x300.jpg 300w, https:\/\/crisisrecords.cl\/wp-content\/uploads\/2020\/12\/Self_07_1996_Pag_32-150x150.jpg 150w\" sizes=\"auto, (max-width: 586px) 100vw, 586px\" \/><\/figure>\n\n\n\n<figure class=\"wp-block-image size-large\"><img loading=\"lazy\" decoding=\"async\" width=\"586\" height=\"586\" src=\"https:\/\/crisisrecords.cl\/wp-content\/uploads\/2020\/12\/Self_07_1996_Pag_33.jpg\" alt=\"\" class=\"wp-image-334\" srcset=\"https:\/\/crisisrecords.cl\/wp-content\/uploads\/2020\/12\/Self_07_1996_Pag_33.jpg 586w, https:\/\/crisisrecords.cl\/wp-content\/uploads\/2020\/12\/Self_07_1996_Pag_33-300x300.jpg 300w, https:\/\/crisisrecords.cl\/wp-content\/uploads\/2020\/12\/Self_07_1996_Pag_33-150x150.jpg 150w\" sizes=\"auto, (max-width: 586px) 100vw, 586px\" \/><\/figure>\n","protected":false},"excerpt":{"rendered":"<p>Revista SelfN\u00b0 7Barcelona, Espa\u00f1aSeptiembre 1996 Reportaje publicado por la Spanish Electronic Foundation, revista impresa barcelonesa especializada en m\u00fasica electr\u00f3nica, que tuvo vida entre 1995 y el 2000. El reportaje cubre los tres primeros trabajos del sello (2CV6, Arteknnia y Miradas &amp; Doncellas), los trabajos que est\u00e1bamos desarrollando en ese momento y las ideas que quer\u00edamos <a href=\"https:\/\/crisisrecords.cl\/?page_id=329\" class=\"more-link\">&#8230;<span class=\"screen-reader-text\">  Revista SELF<\/span><\/a><\/p>\n","protected":false},"author":1,"featured_media":0,"parent":240,"menu_order":0,"comment_status":"closed","ping_status":"closed","template":"","meta":{"footnotes":""},"class_list":["post-329","page","type-page","status-publish","hentry"],"_links":{"self":[{"href":"https:\/\/crisisrecords.cl\/index.php?rest_route=\/wp\/v2\/pages\/329","targetHints":{"allow":["GET"]}}],"collection":[{"href":"https:\/\/crisisrecords.cl\/index.php?rest_route=\/wp\/v2\/pages"}],"about":[{"href":"https:\/\/crisisrecords.cl\/index.php?rest_route=\/wp\/v2\/types\/page"}],"author":[{"embeddable":true,"href":"https:\/\/crisisrecords.cl\/index.php?rest_route=\/wp\/v2\/users\/1"}],"replies":[{"embeddable":true,"href":"https:\/\/crisisrecords.cl\/index.php?rest_route=%2Fwp%2Fv2%2Fcomments&post=329"}],"version-history":[{"count":10,"href":"https:\/\/crisisrecords.cl\/index.php?rest_route=\/wp\/v2\/pages\/329\/revisions"}],"predecessor-version":[{"id":364,"href":"https:\/\/crisisrecords.cl\/index.php?rest_route=\/wp\/v2\/pages\/329\/revisions\/364"}],"up":[{"embeddable":true,"href":"https:\/\/crisisrecords.cl\/index.php?rest_route=\/wp\/v2\/pages\/240"}],"wp:attachment":[{"href":"https:\/\/crisisrecords.cl\/index.php?rest_route=%2Fwp%2Fv2%2Fmedia&parent=329"}],"curies":[{"name":"wp","href":"https:\/\/api.w.org\/{rel}","templated":true}]}}